{"id":647,"date":"2021-08-14T22:35:47","date_gmt":"2021-08-14T20:35:47","guid":{"rendered":"http:\/\/straubis-homepage.de\/?page_id=647"},"modified":"2021-08-24T01:21:56","modified_gmt":"2021-08-23T23:21:56","slug":"bogenschiessen-2007-2011","status":"publish","type":"page","link":"https:\/\/straubis-homepage.de\/?page_id=647","title":{"rendered":"Bogenschie\u00dfen 2007-2011"},"content":{"rendered":"\n<p>In den folgenden Kapiteln sehen Sie wie der weitere Werdegang war !<\/p>\n\n\n\n<p>&nbsp;<strong><u>5. Kapitel &#8211; Die selbst gebauten Release<\/u><\/strong><\/p>\n\n\n\n<figure class=\"wp-block-image size-full is-resized\"><img loading=\"lazy\" decoding=\"async\" src=\"http:\/\/straubis-homepage.de\/wp-content\/uploads\/bogensport\/bogen9.jpg\" alt=\"\" class=\"wp-image-465\" width=\"494\" height=\"392\" srcset=\"https:\/\/straubis-homepage.de\/wp-content\/uploads\/bogensport\/bogen9.jpg 367w, https:\/\/straubis-homepage.de\/wp-content\/uploads\/bogensport\/bogen9-300x238.jpg 300w, https:\/\/straubis-homepage.de\/wp-content\/uploads\/bogensport\/bogen9-365x291.jpg 365w\" sizes=\"auto, (max-width: 494px) 100vw, 494px\" \/><\/figure>\n\n\n\n<p>Also begab ich mich wieder an die Werkbank, um mir ein Release (Abzugsvorrichtung des Compoundsch\u00fctzen)zu konstruieren,mit dem die<\/p>\n\n\n\n<p>Sehne wie bei einem normalen Compoundsch\u00fctzen gerade gel\u00f6st werden konnte. Auf dem Bild oben sieht man meinen ersten Sehnenhalter.<\/p>\n\n\n\n<p><br>Wenn die Sehne in den Halter eingeschoben wird, rastet ein Riegel ein. Mit dem Abzugsknopf wird nun der Riegel bei gespanntem Bogen<\/p>\n\n\n\n<p>ausgeklinkt, das der Pfeil los fliegen kann (wie beim Segelfliegen, wenn der Segler vom ziehenden Flugzeug getrennt wird ).<\/p>\n\n\n\n<p><br>Nun gab es wiedermal ein unerwartetes Problem, da sich beim Spannen des Bogens sich mein Armstumpf zu weit vom Abzugshebel weg zog,<\/p>\n\n\n\n<p>so das es keine M\u00f6glichkeit gab, den Knopf zu bet\u00e4tigen, also musste eine neue L\u00f6sung her!<\/p>\n\n\n\n<figure class=\"wp-block-image size-full is-resized\"><img loading=\"lazy\" decoding=\"async\" src=\"http:\/\/straubis-homepage.de\/wp-content\/uploads\/bogensport\/bogen10.jpg\" alt=\"\" class=\"wp-image-446\" width=\"531\" height=\"328\" srcset=\"https:\/\/straubis-homepage.de\/wp-content\/uploads\/bogensport\/bogen10.jpg 466w, https:\/\/straubis-homepage.de\/wp-content\/uploads\/bogensport\/bogen10-300x185.jpg 300w\" sizes=\"auto, (max-width: 531px) 100vw, 531px\" \/><\/figure>\n\n\n\n<p>Nach einer kompletten \u00dcberarbeitung des Halters sowie der Herstellung eines komplett Neuen besseren, wurde ein Seilzug am Selbigen befestigt,<\/p>\n\n\n\n<p>das andere Ende ging in ein Fu\u00dfpedal, so das man nun die Pfeile mit dem Fu\u00df schie\u00dfen konnte (Bild oben) !<br><br>Bei der Koordination zwischen Augen, Armen und Beinen, also das Zielen mit den Augen, das ruhige Halten des Bogens mit der Hand, dem Armstumpf<\/p>\n\n\n\n<p>mit der Sehne und das bewegen des Fu\u00dfes auf dem Abzug, war aber so problematisch, das wieder ein neuer Abzugsmechanismus her musste.<\/p>\n\n\n\n<p><br>Um eine bessere Koordination zu gew\u00e4hrleisten, musste der Weg zwischen Gehirn und Abzug verk\u00fcrzt werden, also blieb nur noch die M\u00f6glichkeit mit<\/p>\n\n\n\n<p>der rechten Hand den Bogen halten und gleichzeitig einen Knopf zu dr\u00fccken, um den Mechanismus auszul\u00f6sen.<\/p>\n\n\n\n<p><br>Der Fusstaster wurde durch einen abnehmbaren Abzugs-Knopf am Bogen ersetzt, wenn man nun die Pfeile aus der Zielscheibe ziehen wollte, musste<\/p>\n\n\n\n<p>man nicht immer den Bogen mit herum schleppen oder den Halter immer vom Arm abnehmen (Klettverschluss). Auf den drei Bilder hier unten kann man<\/p>\n\n\n\n<p>die Details nochmal gut sehen !<\/p>\n\n\n\n<div class=\"wp-block-image\"><figure class=\"alignleft size-full is-resized\"><img loading=\"lazy\" decoding=\"async\" src=\"http:\/\/straubis-homepage.de\/wp-content\/uploads\/bogensport\/bogen11.jpg\" alt=\"\" class=\"wp-image-447\" width=\"478\" height=\"775\" srcset=\"https:\/\/straubis-homepage.de\/wp-content\/uploads\/bogensport\/bogen11.jpg 330w, https:\/\/straubis-homepage.de\/wp-content\/uploads\/bogensport\/bogen11-185x300.jpg 185w\" sizes=\"auto, (max-width: 478px) 100vw, 478px\" \/><\/figure><\/div>\n\n\n\n<figure class=\"wp-block-image size-full is-resized\"><img loading=\"lazy\" decoding=\"async\" src=\"http:\/\/straubis-homepage.de\/wp-content\/uploads\/bogensport\/bogen12.jpg\" alt=\"\" class=\"wp-image-448\" width=\"474\" height=\"375\" srcset=\"https:\/\/straubis-homepage.de\/wp-content\/uploads\/bogensport\/bogen12.jpg 405w, https:\/\/straubis-homepage.de\/wp-content\/uploads\/bogensport\/bogen12-300x237.jpg 300w\" sizes=\"auto, (max-width: 474px) 100vw, 474px\" \/><\/figure>\n\n\n\n<figure class=\"wp-block-image size-full is-resized\"><img loading=\"lazy\" decoding=\"async\" src=\"http:\/\/straubis-homepage.de\/wp-content\/uploads\/bogensport\/bogen13.jpg\" alt=\"\" class=\"wp-image-449\" width=\"476\" height=\"367\" srcset=\"https:\/\/straubis-homepage.de\/wp-content\/uploads\/bogensport\/bogen13.jpg 433w, https:\/\/straubis-homepage.de\/wp-content\/uploads\/bogensport\/bogen13-300x231.jpg 300w\" sizes=\"auto, (max-width: 476px) 100vw, 476px\" \/><\/figure>\n\n\n\n<p><strong><u>6. Kapitel &#8211; Selbst gebaute Zielscheiben<\/u><\/strong><\/p>\n\n\n\n<p>Als es nun mit dem Mechanismus keine Probleme mehr gab, musste nur noch eine Zielscheibe her. Da mir die Strohzielscheiben zu Teuer waren<\/p>\n\n\n\n<p>und nicht so recht zusagten, beschloss ich, mir selbst eine zu Bauen, wie auch der Bogenverein in Lauterbach seine . Im Baumarkt lies ich mir<\/p>\n\n\n\n<p>aus MDF-Platten, 80 Streifen a` 7 cm breit abschneiden, die dann \u00fcbereinander gestapelt meine Zielscheibe ergaben, siehe dazu auch die beiden<\/p>\n\n\n\n<p>Bilder mit und ohne Pfeile !&nbsp;<\/p>\n\n\n\n<div class=\"wp-block-image\"><figure class=\"alignright size-full is-resized\"><img loading=\"lazy\" decoding=\"async\" src=\"http:\/\/straubis-homepage.de\/wp-content\/uploads\/bogensport\/bogen15.jpg\" alt=\"\" class=\"wp-image-451\" width=\"659\" height=\"517\" srcset=\"https:\/\/straubis-homepage.de\/wp-content\/uploads\/bogensport\/bogen15.jpg 404w, https:\/\/straubis-homepage.de\/wp-content\/uploads\/bogensport\/bogen15-300x235.jpg 300w\" sizes=\"auto, (max-width: 659px) 100vw, 659px\" \/><\/figure><\/div>\n\n\n\n<div class=\"wp-block-image\"><figure class=\"alignleft size-full is-resized\"><img loading=\"lazy\" decoding=\"async\" src=\"http:\/\/straubis-homepage.de\/wp-content\/uploads\/bogensport\/bogen14.jpg\" alt=\"\" class=\"wp-image-450\" width=\"374\" height=\"521\" srcset=\"https:\/\/straubis-homepage.de\/wp-content\/uploads\/bogensport\/bogen14.jpg 315w, https:\/\/straubis-homepage.de\/wp-content\/uploads\/bogensport\/bogen14-215x300.jpg 215w\" sizes=\"auto, (max-width: 374px) 100vw, 374px\" \/><\/figure><\/div>\n\n\n\n<p><br><br><\/p>\n\n\n\n<p><\/p>\n\n\n\n<p>Es wurde \u00f6fter darauf Trainiert, ca. 600 Pfeile bis ich mich in 2006 entschloss dem Sch\u00fctzenverein in Lauterbach beizutreten.<\/p>\n\n\n\n<p><br>Nach ein Paar 3D-Tunieren und festen Trainingszeiten wurde mir dann in 2007 nahe gelegt, einen besseren Bogen zu kaufen und von Alufeilen auf<\/p>\n\n\n\n<p>Carbon zu Wechseln, da mit dem &#8222;Billig&#8220; Bogen und den schweren Alupfeilen kein Turnier zu gewinnen war!<\/p>\n\n\n\n<p>Da bei Eink\u00e4ufen des Vereins immer der Name eines guten Bogenshops in Hamburg genannt wurde, wechselte ich von da an vom Kasseler<\/p>\n\n\n\n<p>Bogenshop zum Hamburger.<br><br>Als erstes wurden dort alle Einzelteile f\u00fcr den Pfeilbau bestellt, wie Pfeilsch\u00e4fte der Marke Goldtip Ultralight, Fletschen (Gummifedern f\u00fcr<\/p>\n\n\n\n<p>Compoundpfeile) Nocken, Pfeilspitzen, Befiederungs &#8211; Ger\u00e4t und Pfeilk\u00f6cher!<br><br>Nach einer knappen Woche kam die Lieferung, so das die gro\u00dfe Pfeil Herstellung beginnen konnte.<\/p>\n\n\n\n<p><br>Ca 5 Stunden sp\u00e4ter war ich stolzer Besitzer von 20 neuen Pfeilen !&nbsp;&nbsp; Wie nicht anders zu erwarten gab es nun wieder ein Problem, da die<\/p>\n\n\n\n<p>Pfeile sch\u00f6n leicht und aus Carbon waren, flogen sie zwar perfekt, nur waren sie nicht so stabil wie die Alufeile, welches sich da durch<\/p>\n\n\n\n<p>bemerkbar machte, das jeder Pfeil den ich auf meine MDF-Zielscheibe schoss, nach dem 4-5 Schuss kaputt war.<br><br>Es blieb mir also nichts anderes \u00fcbrig, die Zielscheibe au\u00dfer Dienst zu stellen und eine Neue zu besorgen.<br><br>Aus dem Grundger\u00fcst der &#8222;Alten&#8220; Zielscheibe wurde das Ger\u00fcst f\u00fcr meine neue Zielscheibe aus Ethafoam, welche ich damals in 2007 bei Ebay<\/p>\n\n\n\n<p>f\u00fcr 70 \u20ac ersteigerte. auf dem Bild hier unten ist die neue Ethafoam &#8211; Zielscheibe mit dem St\u00e4nder zu sehen!<\/p>\n\n\n\n<figure class=\"wp-block-image size-full is-resized\"><img loading=\"lazy\" decoding=\"async\" src=\"http:\/\/straubis-homepage.de\/wp-content\/uploads\/bogensport\/bogen17.jpg\" alt=\"\" class=\"wp-image-452\" width=\"372\" height=\"558\" srcset=\"https:\/\/straubis-homepage.de\/wp-content\/uploads\/bogensport\/bogen17.jpg 296w, https:\/\/straubis-homepage.de\/wp-content\/uploads\/bogensport\/bogen17-200x300.jpg 200w\" sizes=\"auto, (max-width: 372px) 100vw, 372px\" \/><\/figure>\n\n\n\n<p><br><br><strong><u>7. Kapitel &#8211; Der richtige Turnierbogen<\/u><\/strong><br><br>Mit den neuen Pfeilen und der Zielscheibe konnten jetzt die gro\u00dfen Turniere kommen, fehlte nur noch ein guter Bogen !<\/p>\n\n\n\n<p>Achery Direct, der Bogenshop in Hamburg war dann auch die erste Wahl, wie schon bei den Pfeilen und dem Zubeh\u00f6r, da aber das damals<\/p>\n\n\n\n<p>aktuelle Modell der Marke, fast 1100 \u20ac kosten sollte, entschied ich mich dann doch f\u00fcr das Vorjahresmodell, eines Martin Bogen, dem Septer III,<\/p>\n\n\n\n<p>den ich f\u00fcr 650\u20ac dort erwarb.<\/p>\n\n\n\n<p>F\u00fcr die Stabilisierung sorgte am Anfang ein selbst gebauter Stabilisator den ich dann aber durch einen 3-fachen ersetzte (Y-System) !<\/p>\n\n\n\n<p>Nat\u00fcrlich musste ich da auch wieder etwas umbauen, so das aus der Standard &#8222;Spinne&#8220;, dem Teil wo die 3 Stabis eingeschraubt werden, eine<\/p>\n\n\n\n<p>Schnellspannspinne wurde, um das Zerlegen f\u00fcr den Transport zu erleichtern, nun reicht eine halbe Umdrehung und die Stabis gehen einzeln ab!<\/p>\n\n\n\n<p><br>Auf dem Bild hier rechts ist der komplette Bogen mit dem 3-fach Stabilisator zu sehen !<\/p>\n\n\n\n<div class=\"wp-block-image\"><figure class=\"alignright size-full is-resized\"><img loading=\"lazy\" decoding=\"async\" src=\"http:\/\/straubis-homepage.de\/wp-content\/uploads\/bogensport\/bogen21.jpg\" alt=\"\" class=\"wp-image-456\" width=\"390\" height=\"592\" srcset=\"https:\/\/straubis-homepage.de\/wp-content\/uploads\/bogensport\/bogen21.jpg 316w, https:\/\/straubis-homepage.de\/wp-content\/uploads\/bogensport\/bogen21-198x300.jpg 198w\" sizes=\"auto, (max-width: 390px) 100vw, 390px\" \/><\/figure><\/div>\n\n\n\n<p><br>Da aber diese Monostabis nicht so gut f\u00fcr den Compound waren sondern<\/p>\n\n\n\n<p>eher an Olympic-Recurve B\u00f6gen Verwendung finden, wurde das System<\/p>\n\n\n\n<p>noch auf ein Stabisystem der Marke Beiter umger\u00fcstet da diese<\/p>\n\n\n\n<p>4-Rohr Stabilisatoren (kein Bild) dann eher die Schock-Kr\u00e4fte vom<\/p>\n\n\n\n<p>Bogen aufnehmen wenn der Pfeil den Bogen verl\u00e4sst und die Sehne anschl\u00e4gt !<\/p>\n\n\n\n<p>Das 3er Y-System habe ich mittlerweile auch schon wieder umgebaut,<\/p>\n\n\n\n<p>so das ich nun mit 2 Stabis, einem Langen nach vorne und einem<\/p>\n\n\n\n<p>Seitlichen, der zum ausgleichen des Schwerpunktes dient (Bilder Galerie) !<\/p>\n\n\n\n<p><br><strong><u>8. Kapitel &#8211; Pr\u00e4zision mit Folgen<\/u><\/strong><\/p>\n\n\n\n<p>Nach all der Pr\u00e4zision die ich nun zur Verf\u00fcgung hatte gab es<\/p>\n\n\n\n<p>nun zwei mehr oder weniger kleine Probleme, mit dem Seilzug<\/p>\n\n\n\n<p>des selbst gebauten Releases.<\/p>\n\n\n\n<p>Zum einen musste man es immer vom Bogen ab nehmen und zum<\/p>\n\n\n\n<p>anderen im Sommer und Winter oder wenn man den Zug verdrehte,<\/p>\n\n\n\n<p>war der Druckpunkt des L\u00f6seknopfes immer an einer anderen Stelle,<\/p>\n\n\n\n<p>was ein Gruppieren der Pfeile fast unm\u00f6glich machte, worauf ich im Herbst 2008 wiedermal zu dem Schluss kam, selbst gebautes<\/p>\n\n\n\n<p>Release ja, aber ohne Seilzug !<\/p>\n\n\n\n<figure class=\"wp-block-image size-full\"><img loading=\"lazy\" decoding=\"async\" width=\"458\" height=\"395\" src=\"http:\/\/straubis-homepage.de\/wp-content\/uploads\/bogensport\/bogen2.jpg\" alt=\"\" class=\"wp-image-454\" srcset=\"https:\/\/straubis-homepage.de\/wp-content\/uploads\/bogensport\/bogen2.jpg 458w, https:\/\/straubis-homepage.de\/wp-content\/uploads\/bogensport\/bogen2-300x259.jpg 300w\" sizes=\"auto, (max-width: 458px) 100vw, 458px\" \/><\/figure>\n\n\n\n<p><br>Nach kurzer Planung und nachtr\u00e4glicher Umsetzung entstand so wieder ein neues Release, welches hier auf dem Bild zu sehen ist. Aber bei der<\/p>\n\n\n\n<p>Deutschen Behinderten Meisterschaft 2 x 70m FITA in Karlsruhe bin ich in 2009 beim Sichtungsschie\u00dfen gewesen, wo sich der Bundestrainer<\/p>\n\n\n\n<p>f\u00fcr den Kader neue Sch\u00fctzen anschaute und dieser zu dem Ergebnis kam, das das Release zwar fast perfekt ist, der Ankerpunkt aber nicht da liegt,<\/p>\n\n\n\n<p>wo er sollte und somit immer ein wenig Streuung in der Gruppierung der Pfeile bestand, so das mir nach der DM wiedermal nichts anderes \u00fcbrig<\/p>\n\n\n\n<p>blieb, als mich an die Werkbank zu setzen und was neues zu Konstruieren.<\/p>\n\n\n\n<figure class=\"wp-block-image size-full\"><img loading=\"lazy\" decoding=\"async\" width=\"574\" height=\"418\" src=\"http:\/\/straubis-homepage.de\/wp-content\/uploads\/bogensport\/bogen3.jpg\" alt=\"\" class=\"wp-image-459\" srcset=\"https:\/\/straubis-homepage.de\/wp-content\/uploads\/bogensport\/bogen3.jpg 574w, https:\/\/straubis-homepage.de\/wp-content\/uploads\/bogensport\/bogen3-300x218.jpg 300w\" sizes=\"auto, (max-width: 574px) 100vw, 574px\" \/><\/figure>\n\n\n\n<p><br><br>Es ist zwar etwas klobig und mit fast 1,4 kg auch etwas Schwerer, als das Vorg\u00e4nger-Patent das nur 540 g wog, war aber auf Grund der Komplexit\u00e4t<\/p>\n\n\n\n<p>nicht anders herzustellen. Mit den ganzen zwischen Konstruktionen und Umbauten ist dieses das 8 Release, aber es sollte nicht das letzte sein !^^<\/p>\n\n\n\n<p>Mit diesem Release Gruppieren die Pfeile fast Perfekt, das dumme daran ist nur, das man mit diesem Riesen Teil um den Arm keine Jacke mehr drunter<\/p>\n\n\n\n<p>bekommt und das die Pfeile durch den 2 Zoll l\u00e4ngeren Auszug, den ich dadurch gewann, zu kurz f\u00fcr die Pfeilauflage waren und hinten herunter fielen,<\/p>\n\n\n\n<p>so das Anfang 2010 komplett neue Pfeils\u00e4tze f\u00fcr die Halle (18m) und FITA im Freien her mussten !<\/p>\n\n\n\n<p>Um nun auch weiterhin auf den 3D Turnieren schie\u00dfen zu k\u00f6nnen blieb mir nichts anderes \u00fcbrig, noch einen zweiten Compound Bogen zu kaufen,<\/p>\n\n\n\n<p>den ich mit Jacke und Wintersachen schie\u00dfen kann, da viele 3D-Turniere in der kalten Jahreszeit liegen.<\/p>\n\n\n\n<figure class=\"wp-block-image size-full\"><img loading=\"lazy\" decoding=\"async\" width=\"604\" height=\"413\" src=\"http:\/\/straubis-homepage.de\/wp-content\/uploads\/bogensport\/bogen23.jpg\" alt=\"\" class=\"wp-image-458\" srcset=\"https:\/\/straubis-homepage.de\/wp-content\/uploads\/bogensport\/bogen23.jpg 604w, https:\/\/straubis-homepage.de\/wp-content\/uploads\/bogensport\/bogen23-300x205.jpg 300w\" sizes=\"auto, (max-width: 604px) 100vw, 604px\" \/><\/figure>\n\n\n\n<p><br>Diesen auf Ebay ersteigerten Bowtech, der mich nur 230 \u20ac gekostet hat, war zwar richtig gut, hatte aber den falschen Auszug, der durch Module,<\/p>\n\n\n\n<p>die leider nicht dabei waren, eingestellt werden kann. Dann ging die Suche los, aber auf der Insel R\u00fcgen gab es einen Bogenshop der mir die<\/p>\n\n\n\n<p>Module direkt bei Bowtech in den USA bestellen konnte, die dann auch nach 9 Wochen geliefert wurden.<\/p>\n\n\n\n<p><br>Diesen Bogen schie\u00dfe ich nun Blank, das hei\u00dft ohne Visier und Stabis aber mit meinem &#8222;alten&#8220; Vorg\u00e4nger Release welches ich bei den gesunden,<\/p>\n\n\n\n<p>normalen Sch\u00fctzen zum Gl\u00fcck verwenden darf bzw. ganz ohne und nur mit dem Armstumpf und einem selbst gebauten Lederb\u00e4ndchen mit<\/p>\n\n\n\n<p>Klettverschluss, da die Sehne beim dr\u00fcber rutschen \u00fcber den Armstumpf nach dem 3-4 Schuss seine Spuren hinterl\u00e4sst.<\/p>\n\n\n\n<p>F\u00fcr meinem Martin Secepter habe ich bei einem anderen Bogenshop (Jens Asbach) dann Profipfeile der Firma Easton gekauft die ACG Pfeile f\u00fcr<\/p>\n\n\n\n<p>die FITA im Freien und die Ligthspeed 3D von Easton in der Hallenrunde !<\/p>\n\n\n\n<p><strong><u>9. Kapitel &#8211; Der heimische 3D-Zoo<\/u><\/strong><\/p>\n\n\n\n<p>Um zu Hause nun auch ein wenig f\u00fcr die verschiedenen 3D &#8211; Turniere \u00fcben zu k\u00f6nnen bestellte ich mir in Hamburg in 2007 noch zwei 3D-Tiere,<\/p>\n\n\n\n<p>ein Murmeltier und ein kleines Wildschwein welche auf dem Bild hier unten zu sehen sind.&nbsp;<\/p>\n\n\n\n<figure class=\"wp-block-image size-full\"><img loading=\"lazy\" decoding=\"async\" width=\"540\" height=\"350\" src=\"http:\/\/straubis-homepage.de\/wp-content\/uploads\/bogensport\/bogen22.jpg\" alt=\"\" class=\"wp-image-457\" srcset=\"https:\/\/straubis-homepage.de\/wp-content\/uploads\/bogensport\/bogen22.jpg 540w, https:\/\/straubis-homepage.de\/wp-content\/uploads\/bogensport\/bogen22-300x194.jpg 300w\" sizes=\"auto, (max-width: 540px) 100vw, 540px\" \/><\/figure>\n\n\n\n<p><strong><u>10. Kapitel &#8211; Die Vereine<\/u><\/strong><\/p>\n\n\n\n<p>Mein erster Verein im Bogenschie\u00dfen war der Sch\u00fctzenverein in Lauterbach. Da dieser aber keine Behindertenabteilung hatte, musste ich bei<\/p>\n\n\n\n<p>meiner 1. Deutschen Behinderten Meisterschaft, die vom DBSV ausgetragen wurde, einem Verein beitreten, der eine eigene Behindertenabteilung<\/p>\n\n\n\n<p>hatte, worauf ich zum Verein BSG Duisburg\/Buchholz in Nordrhein Westfalen gekommen bin, der mich ganz Unb\u00fcrokratisch als Beitragsfreies Mitglied<\/p>\n\n\n\n<p>f\u00fchrte, da ich zum Training immer h\u00e4tte 315 km h\u00e4tte fahren m\u00fcssen !^^<\/p>\n\n\n\n<p>\u00dcber Diesen konnte ich nun offiziell bei den Behinderten Meisterschaften starten !<\/p>\n\n\n\n<p>Seit Mitte 2010 bin ich dann dem BSC Fulda beigetreten, die extra f\u00fcr mich eine Behindertenabteilung eingerichtet hatten, so das ich \u00fcber den<\/p>\n\n\n\n<p>HBRS (Hessischen Behinderten und Reha Sport) nun f\u00fcr Hessen an den Behinderten Meisterschaften teil nehmen konnte und nicht immer zu<\/p>\n\n\n\n<p>den Landesmeisterschaften nach NRW fahren musste, worauf ich mich in Duisburg dann Abmeldete !<\/p>\n\n\n\n<p>In Fulda sind Sie auf FITA spezialisiert und mit dem Stadion in Fulda haben die einen richtig guten FITA-Platz, was in Lauterbach im Wald nicht so<\/p>\n\n\n\n<p>gut umgesetzt ist.&nbsp;<\/p>\n\n\n\n<p><br>Lauterbach wird auch weiterhin mein Verein f\u00fcr das 3D-Schiessen sein, aber in der DSB Rangfolge nun nur noch mein Zweitverein sein !<\/p>\n\n\n\n<p>In der Hallenrunde kann ich somit entweder in Lauterbach in der Adolf Spie\u00df Turnhalle schie\u00dfen, solange das vom Sportverein noch m\u00f6glich ist<\/p>\n\n\n\n<p>oder ich schie\u00dfe in der neuen Halle in Fulda, die sogar ihre eigenen Bogen Linien (18m Linie, Startlinie und 3m Linie) fest Aufgedruckt haben !<\/p>\n","protected":false},"excerpt":{"rendered":"<p>In den folgenden Kapiteln sehen Sie wie der weitere Werdegang war ! &nbsp;5. Kapitel &#8211; Die selbst gebauten Release Also begab ich mich wieder an die Werkbank, um mir ein Release (Abzugsvorrichtung des Compoundsch\u00fctzen)zu konstruieren,mit dem die Sehne wie bei einem normalen<\/p>\n<p class=\"link-more\"><a class=\"myButt \" href=\"https:\/\/straubis-homepage.de\/?page_id=647\">Read More<\/a><\/p>\n","protected":false},"author":1,"featured_media":0,"parent":736,"menu_order":0,"comment_status":"closed","ping_status":"closed","template":"","meta":{"footnotes":""},"class_list":["post-647","page","type-page","status-publish","hentry"],"_links":{"self":[{"href":"https:\/\/straubis-homepage.de\/index.php?rest_route=\/wp\/v2\/pages\/647","targetHints":{"allow":["GET"]}}],"collection":[{"href":"https:\/\/straubis-homepage.de\/index.php?rest_route=\/wp\/v2\/pages"}],"about":[{"href":"https:\/\/straubis-homepage.de\/index.php?rest_route=\/wp\/v2\/types\/page"}],"author":[{"embeddable":true,"href":"https:\/\/straubis-homepage.de\/index.php?rest_route=\/wp\/v2\/users\/1"}],"replies":[{"embeddable":true,"href":"https:\/\/straubis-homepage.de\/index.php?rest_route=%2Fwp%2Fv2%2Fcomments&post=647"}],"version-history":[{"count":9,"href":"https:\/\/straubis-homepage.de\/index.php?rest_route=\/wp\/v2\/pages\/647\/revisions"}],"predecessor-version":[{"id":775,"href":"https:\/\/straubis-homepage.de\/index.php?rest_route=\/wp\/v2\/pages\/647\/revisions\/775"}],"up":[{"embeddable":true,"href":"https:\/\/straubis-homepage.de\/index.php?rest_route=\/wp\/v2\/pages\/736"}],"wp:attachment":[{"href":"https:\/\/straubis-homepage.de\/index.php?rest_route=%2Fwp%2Fv2%2Fmedia&parent=647"}],"curies":[{"name":"wp","href":"https:\/\/api.w.org\/{rel}","templated":true}]}}